{"id":53,"date":"2011-01-17T10:53:16","date_gmt":"2011-01-17T10:53:16","guid":{"rendered":"http:\/\/www.motorsport-kaefer.de\/?page_id=53"},"modified":"2021-05-01T12:56:20","modified_gmt":"2021-05-01T10:56:20","slug":"impressum","status":"publish","type":"page","link":"https:\/\/www.motorsport-kaefer.de\/?page_id=53","title":{"rendered":"Impressum"},"content":{"rendered":"<p><span style=\"font-family: arial,helvetica,sans-serif;\">\u00a9 Copyright 2021, Motorsport-K\u00e4fer<\/span><\/p>\n<h2><span style=\"font-family: arial,helvetica,sans-serif;\">Kennzeichnungspflicht nach \u00a7 5 TMG<\/span><\/h2>\n<p><a href=\"https:\/\/www.motorsport-kaefer.de\/\"><span style=\"font-family: arial,helvetica,sans-serif;\">www.motorsport-kaefer.de<\/span><\/a><br \/><span style=\"font-family: arial,helvetica,sans-serif;\">Germany<br \/>E-Mail: info@motorsport-kaefer.de<\/span><\/p>\n<h2><span style=\"font-family: arial,helvetica,sans-serif;\">Copyright<\/span><\/h2>\n<p><span style=\"font-family: arial,helvetica,sans-serif;\">Alle Texte, Bilder, Grafiken, Audio-Dateien und sonstigen Inhalte dieser Website sowie deren Anordnung und Gestaltung unterliegen dem Schutz des Urheberrechts und anderer Schutzgesetze. Der Inhalt dieser Website darf nicht zu kommerziellen Zwecken kopiert, verbreitet, ver\u00e4ndert oder Dritten zug\u00e4nglich gemacht werden.<\/span><\/p>\n<h2><span style=\"font-family: arial,helvetica,sans-serif;\">Haftungsausschluss<\/span><\/h2>\n<p><span style=\"font-family: arial,helvetica,sans-serif;\">Die Inhalte dieser Website werden mit gr\u00f6\u00dftm\u00f6glicher Sorgfalt erstellt und gepflegt. Motorsport-K\u00e4fer \u00fcbernimmt jedoch keine Gew\u00e4hr f\u00fcr die Richtigkeit, Vollst\u00e4ndigkeit und Aktualit\u00e4t der bereitgestellten Inhalte und schlie\u00dft daher eine Haftung f\u00fcr Verluste oder Sch\u00e4den jeder Art, die direkt oder indirekt aus der Nutzung dieser Website entstehen, aus. Desgleichen \u00fcbernimmt Motorsport-K\u00e4fer keine Haftung f\u00fcr Website-Angebote anderer Betreiber, zu denen Besucher dieser Website \u00fcber hier eingef\u00fcgte Links gelangen. F\u00fcr diese Fremdinhalte sind ausschlie\u00dflich deren Anbieter zust\u00e4ndig. Mit der reinen Nutzung der Website kommt keinerlei Vertragsverh\u00e4ltnis zwischen dem Nutzer und der Motorsport-K\u00e4fer zustande.<\/span><\/p>\n<h2><span style=\"font-family: arial,helvetica,sans-serif;\">Gesetzliche Hinweise<\/span><\/h2>\n<p><span style=\"font-family: arial,helvetica,sans-serif;\">Motorsport-K\u00e4fer nimmt den Schutz Ihrer privaten Daten sehr ernst und geht mit Ihren Daten sehr sorgf\u00e4ltig und vertraulich um. Die Nutzung der Daten erfolgt nur im Rahmen der jeweils g\u00fcltigen datenschutzrechtlichen Bestimmungen. Durch den Besuch dieser Website k\u00f6nnen Informationen \u00fcber den Zugriff (Datum, Uhrzeit, betrachtete Seite) gespeichert werden. Diese Daten geh\u00f6ren nicht zu den personenbezogenen Daten sondern sind anonymisiert. Sie werden ausschlie\u00dflich zu statistischen Zwecken ausgewertet. Personenbezogene Daten werden nur erhoben, wenn Sie diese von sich aus mitteilen. Dort werden Sie \u00fcber den beabsichtigten Verarbeitungszweck informiert und falls erforderlich um Ihre Zustimmung zur Speicherung gebeten. Ihre Daten werden vor der \u00dcbertragung und Verarbeitung verschl\u00fcsselt, um diese vor dem Zugriff unberechtigter Personen zu sch\u00fctzen. Motorsport-K\u00e4fer weist ausdr\u00fccklich darauf hin, dass die Daten\u00fcbertragung im Internet (z.B. bei der Kommunikation per E-Mail) Sicherheitsl\u00fccken aufweisen und nicht l\u00fcckenlos vor dem Zugriff durch Dritte gesch\u00fctzt werden kann.<\/span><\/p>\n\n\n<figure class=\"wp-block-image is-resized\"><img loading=\"lazy\" src=\"https:\/\/www.motorsport-kaefer.de\/wp-content\/uploads\/Nbg-GP-2010.jpg\" alt=\"\" class=\"wp-image-184\" width=\"600\" height=\"400\" srcset=\"https:\/\/www.motorsport-kaefer.de\/wp-content\/uploads\/Nbg-GP-2010.jpg 448w, https:\/\/www.motorsport-kaefer.de\/wp-content\/uploads\/Nbg-GP-2010-300x200.jpg 300w\" sizes=\"(max-width: 600px) 100vw, 600px\" \/><\/figure>\n","protected":false},"excerpt":{"rendered":"<p>\u00a9 Copyright 2021, Motorsport-K\u00e4fer Kennzeichnungspflicht nach \u00a7 5 TMG www.motorsport-kaefer.deGermanyE-Mail: info@motorsport-kaefer.de Copyright Alle Texte, Bilder, Grafiken, Audio-Dateien und sonstigen Inhalte dieser Website sowie deren Anordnung und Gestaltung unterliegen dem Schutz des Urheberrechts und anderer Schutzgesetze. Der Inhalt dieser Website darf nicht zu kommerziellen Zwecken kopiert, verbreitet, ver\u00e4ndert oder Dritten zug\u00e4nglich gemacht werden. Haftungsausschluss Die Inhalte &hellip; <\/p>\n<p class=\"link-more\"><a href=\"https:\/\/www.motorsport-kaefer.de\/?page_id=53\" class=\"more-link\"><span class=\"screen-reader-text\">\u201eImpressum\u201c<\/span> weiterlesen<\/a><\/p>\n","protected":false},"author":3,"featured_media":0,"parent":13,"menu_order":20,"comment_status":"closed","ping_status":"closed","template":"","meta":[],"_links":{"self":[{"href":"https:\/\/www.motorsport-kaefer.de\/index.php?rest_route=\/wp\/v2\/pages\/53"}],"collection":[{"href":"https:\/\/www.motorsport-kaefer.de\/index.php?rest_route=\/wp\/v2\/pages"}],"about":[{"href":"https:\/\/www.motorsport-kaefer.de\/index.php?rest_route=\/wp\/v2\/types\/page"}],"author":[{"embeddable":true,"href":"https:\/\/www.motorsport-kaefer.de\/index.php?rest_route=\/wp\/v2\/users\/3"}],"replies":[{"embeddable":true,"href":"https:\/\/www.motorsport-kaefer.de\/index.php?rest_route=%2Fwp%2Fv2%2Fcomments&post=53"}],"version-history":[{"count":18,"href":"https:\/\/www.motorsport-kaefer.de\/index.php?rest_route=\/wp\/v2\/pages\/53\/revisions"}],"predecessor-version":[{"id":1724,"href":"https:\/\/www.motorsport-kaefer.de\/index.php?rest_route=\/wp\/v2\/pages\/53\/revisions\/1724"}],"up":[{"embeddable":true,"href":"https:\/\/www.motorsport-kaefer.de\/index.php?rest_route=\/wp\/v2\/pages\/13"}],"wp:attachment":[{"href":"https:\/\/www.motorsport-kaefer.de\/index.php?rest_route=%2Fwp%2Fv2%2Fmedia&parent=53"}],"curies":[{"name":"wp","href":"https:\/\/api.w.org\/{rel}","templated":true}]}}