{"id":31,"date":"2011-01-16T23:43:32","date_gmt":"2011-01-16T22:43:32","guid":{"rendered":"http:\/\/www.motorsport-kaefer.de\/?page_id=31"},"modified":"2019-04-13T13:02:46","modified_gmt":"2019-04-13T11:02:46","slug":"historie","status":"publish","type":"page","link":"https:\/\/www.motorsport-kaefer.de\/?page_id=31","title":{"rendered":"Historie K\u00e4fer"},"content":{"rendered":"<p>Begonnen hat alles 1984 mit meinem F\u00fchrerschein-K\u00e4fer (1303 S), den ich von meinen Eltern geschenkt bekam.<\/p>\n<p style=\"text-align: left;\"><img loading=\"lazy\" class=\"alignleft size-medium wp-image-286\" title=\"1983 erstes Auto\" src=\"http:\/\/www.motorsport-kaefer.de\/wp-content\/uploads\/1983-erstes-Auto-300x201.jpg\" alt=\"\" width=\"300\" height=\"201\" srcset=\"https:\/\/www.motorsport-kaefer.de\/wp-content\/uploads\/1983-erstes-Auto-300x201.jpg 300w, https:\/\/www.motorsport-kaefer.de\/wp-content\/uploads\/1983-erstes-Auto.jpg 726w\" sizes=\"(max-width: 300px) 100vw, 300px\" \/><a href=\"http:\/\/www.motorsport-kaefer.de\/wp-content\/uploads\/1983-erstes-Auto-2.jpg\"><img loading=\"lazy\" class=\"alignleft size-medium wp-image-287\" title=\"1983 erstes Auto 2\" src=\"http:\/\/www.motorsport-kaefer.de\/wp-content\/uploads\/1983-erstes-Auto-2-300x195.jpg\" alt=\"\" width=\"300\" height=\"195\" srcset=\"https:\/\/www.motorsport-kaefer.de\/wp-content\/uploads\/1983-erstes-Auto-2-300x195.jpg 300w, https:\/\/www.motorsport-kaefer.de\/wp-content\/uploads\/1983-erstes-Auto-2.jpg 753w\" sizes=\"(max-width: 300px) 100vw, 300px\" \/><\/a><\/p>\n<p>&#8211;<\/p>\n<p style=\"text-align: left;\">Optisch super, allerdings stellte sich im Winter 84\/85 heraus, dass es sich um einen Blender handelte: Heizungsholme quasi nicht mehr vorhanden, Rahmenkopf durchgerostet. Kurzerhand kaufte ich nach der Abi-Pr\u00fcfung im Febr.\u00a0 1985 einen Rahmenspender f\u00fcr DM 300,-, der sich nach der Zerlegung als die bessere Basis entpuppte.<\/p>\n<p style=\"text-align: left;\"><a href=\"http:\/\/www.motorsport-kaefer.de\/wp-content\/uploads\/1985-Rohkarosse.jpg\"><img loading=\"lazy\" class=\"alignleft size-medium wp-image-285\" title=\"1985 Rohkarosse\" src=\"http:\/\/www.motorsport-kaefer.de\/wp-content\/uploads\/1985-Rohkarosse-300x217.jpg\" alt=\"\" width=\"300\" height=\"217\" srcset=\"https:\/\/www.motorsport-kaefer.de\/wp-content\/uploads\/1985-Rohkarosse-300x217.jpg 300w, https:\/\/www.motorsport-kaefer.de\/wp-content\/uploads\/1985-Rohkarosse.jpg 692w\" sizes=\"(max-width: 300px) 100vw, 300px\" \/><\/a>Zusammen mit meinen Freunden &#8211; allen voran Ren\u00e9, der auch heute noch ma\u00dfgeblichen Einfluss auf die Performance des K\u00e4fers hat und die tollen Videos und diese Homepage verursacht hat \u2013 bauten wir im Vorgarten meiner Oma meinen K\u00e4fer.<\/p>\n<p style=\"text-align: left;\">P\u00fcnktlich zur Einberufung des Grundwehrdienstes war er fertiggestellt. Angetrieben von einen frisierten 1,6 l-Motor mit ca. 70 PS (zwei Einfachvergasern und den \u00fcblichen Modifikationen) machten wir die Stra\u00dfen unsicher \u2013 bis der Motor seinen Geist aufgab. Nach vielen Versuchen und noch mehr Misserfolgen beschloss ich 1986 einen 2,0 l-Motor auf Typ 4-Basis einzubauen.<\/p>\n<p>Hierbei lernte ich Herrn Wilke von <a href=\"https:\/\/www.motorsport-kaefer.de\/?page_id=272\">Wilke Motorenbau<\/a> in K\u00f6ln kennen. Im Winter 1986\/87 beschlossen wir, die K\u00e4fertuning-Scene zu bereichern und legten ein komplettes Typ-4-Motorenprogramm f\u00fcr K\u00e4fer auf (welches weiterentwickelt heute noch erh\u00e4ltlich ist) und begannen mit meinem K\u00e4fer und ab 1988 mit einem optisch und technisch eng verwandten VW 1200 mit 2,4 l-Motor (186 PS) an K\u00e4fer-Veranstaltungen teilzunehmen (1303: Losheim 1987, Heidbergring 1987 &#8211; 1200: M\u00fcnchen Regattagel\u00e4nde 1988, Hockenhein Drag-Racing 1988 und zahlreiche K\u00e4fertreffen, Slaloms etc.) und holten bereits in den ersten Jahren einige Pokale.<\/p>\n<p>-&gt; <a href=\"..\/?page_id=198\">Bilder Motorsport 1987\/88<\/a><\/p>\n<p><a href=\"http:\/\/www.motorsport-kaefer.de\/wp-content\/uploads\/1990-Pokale.jpg\"><img loading=\"lazy\" class=\"alignleft size-medium wp-image-289\" title=\"1990 Pokale\" src=\"http:\/\/www.motorsport-kaefer.de\/wp-content\/uploads\/1990-Pokale-263x300.jpg\" alt=\"\" width=\"263\" height=\"300\" srcset=\"https:\/\/www.motorsport-kaefer.de\/wp-content\/uploads\/1990-Pokale-263x300.jpg 263w, https:\/\/www.motorsport-kaefer.de\/wp-content\/uploads\/1990-Pokale.jpg 592w\" sizes=\"(max-width: 263px) 100vw, 263px\" \/><\/a><\/p>\n<p>Insbesondere der Sieg des <a name=\"PRC\"><\/a>Public-Race-Cups 1989 (Drag-Racing-Meisterschaft der stra\u00dfennahen Fahrzeuge) war f\u00fcr uns ein Rieserfolg, da wir uns gegen amerikanische PS-Monster und s\u00e4mtliche europ\u00e4ischen Sportwagen behauptet hatten. Es bildete sich zu dieser Zeit das <a href=\"https:\/\/www.motorsport-kaefer.de\/?page_id=304\">W-Team<\/a>, eine Gruppe K\u00e4ferbegeisteter, die fortan bei allen Veranstaltungen in roten T-Shirts mit rotem VW-Bus (Typ 3 Doppelkabine) erschienen.<\/p>\n<p>Uns war jedoch klar, dass wir mehr Power brauchten und entwickelten einen 2,7 l Typ 4-Motor mit 220 PS. Diese Leistung war 1990 spitze (und ist gemessen am geringen technischen Aufwand auch heute noch konkurrenzf\u00e4hig). Im Public-Race-Cup 1990 haben wir dann auch einen neuen Rekord aufgestellt, der auf Stra\u00dfenreifen lange Bestand hatte: Der K\u00e4fer beschleunigte in 12,03 s. auf die Viertelmeile auf 180 Km\/h. <a href=\"http:\/\/www.motorsport-kaefer.de\/wp-content\/uploads\/1990-Rekordzeit2.jpg\"><img loading=\"lazy\" class=\"alignleft size-medium wp-image-367\" title=\"1990 Rekordzeit\" src=\"http:\/\/www.motorsport-kaefer.de\/wp-content\/uploads\/1990-Rekordzeit2-300x174.jpg\" alt=\"\" width=\"300\" height=\"174\" srcset=\"https:\/\/www.motorsport-kaefer.de\/wp-content\/uploads\/1990-Rekordzeit2-300x174.jpg 300w, https:\/\/www.motorsport-kaefer.de\/wp-content\/uploads\/1990-Rekordzeit2-1024x594.jpg 1024w, https:\/\/www.motorsport-kaefer.de\/wp-content\/uploads\/1990-Rekordzeit2.jpg 1167w\" sizes=\"(max-width: 300px) 100vw, 300px\" \/><\/a><\/p>\n<p>Auch die Presse wurde aufmerksam &#8230;<\/p>\n<p><a href=\"https:\/\/www.motorsport-kaefer.de\/wp-content\/uploads\/J\u00e4ger_90.pdf\">1990 Artikel &#8222;J\u00e4ger 90&#8220;<\/a><\/p>\n<p><a href=\"https:\/\/www.motorsport-kaefer.de\/wp-content\/uploads\/1990-Artikel-PR-Cup-Gewinner-1989.pdf\">1990 Artikel PR-Cup-Gewinner 1989<\/a><\/p>\n<p>Bedingt durch mein Studium und dem drohenden Berufsbeginn entschloss ich mich, mein zeitraubendes Hobby Ende 1990 stark einzuschr\u00e4nken und\u00a0 den VW 1200 zu verkaufen \u2013 allerdings ohne Motor und Getriebe.<\/p>\n<p>Ab 1992 hatte ich meinen VW 1303 dann nicht mehr als Alltagsauto eingesetzt und ihn nach und nach mit den ausgedienten Rennteilen aus dem VW 1200 aufger\u00fcstet.<\/p>\n<p><a href=\"https:\/\/www.motorsport-kaefer.de\/wp-content\/uploads\/GD_Bericht11.pdf\">1993 Gross D\u00f6lln 1992 <\/a><\/p>\n<p><a href=\"https:\/\/www.motorsport-kaefer.de\/wp-content\/uploads\/MC_Dragster-Steckbrief1.pdf\">1993 Steckbrief<\/a><\/p>\n<p>Es folgten die \u00fcblichen Berufs- und Familiengr\u00fcndungsjahre mit geringen K\u00e4fer-Aktivit\u00e4ten.<\/p>\n<p><a href=\"https:\/\/www.motorsport-kaefer.de\/wp-content\/uploads\/1995-Speed-am-Ring-1.pdf\">1995 Speed am Ring<\/a><\/p>\n<p>1999 habe ich den K\u00e4fer dann optisch wieder auf Serie umgebaut, da ich in der Youngtimer-Scene teilnehmen wollte. Einfache Youngtimer-Treffen waren mir dann aber schnell zu langweilig und der K\u00e4fer stand wieder in der Garage und ich lag im Garten &#8230;.<\/p>\n<p><a href=\"http:\/\/www.motorsport-kaefer.de\/wp-content\/uploads\/086.jpg\"><img loading=\"lazy\" class=\"size-medium wp-image-173 alignleft\" title=\"086\" src=\"http:\/\/www.motorsport-kaefer.de\/wp-content\/uploads\/086-300x225.jpg\" alt=\"\" width=\"300\" height=\"225\" srcset=\"https:\/\/www.motorsport-kaefer.de\/wp-content\/uploads\/086-300x225.jpg 300w, https:\/\/www.motorsport-kaefer.de\/wp-content\/uploads\/086.jpg 1024w\" sizes=\"(max-width: 300px) 100vw, 300px\" \/><\/a>2004 kann der rettende Anruf eines Freundes: Ob ich nicht mal wieder auf dem wiederbelebten K\u00e4fertreffen auf dem Heidbergring (reiner Trackday, da Rennen nicht mehr erlaubt sind) teilnehmen wollte. Klar wollte ich! Zumal er mich mit einem seit Jahren offenden Vergleich herausforderte.\u00a0 Nach einem kurzen Check war mein K\u00e4fer einsatzbereit. Schnell noch Uralt-Slicks aufgezogen und ab ging\u00b4s.<\/p>\n<p>Das Ergebnis konnte besser nicht ausfallen: Tagesbestzeit: 41,2 s. Er nahm es sportlich, wir hatten nach \u00fcber 10 Jahren endlich unserem subjektiven &#8222;Verbal-Stammtisch-Rennen&#8220; ein objektives Ergebnis entgegenzusetzten.<\/p>\n<p><a href=\"http:\/\/www.motorsport-kaefer.de\/wp-content\/uploads\/2004-HBR1.jpg\"><img loading=\"lazy\" class=\"alignleft size-medium wp-image-584\" title=\"2004 HBR\" src=\"http:\/\/www.motorsport-kaefer.de\/wp-content\/uploads\/2004-HBR1-300x225.jpg\" alt=\"\" width=\"300\" height=\"225\" srcset=\"https:\/\/www.motorsport-kaefer.de\/wp-content\/uploads\/2004-HBR1-300x225.jpg 300w, https:\/\/www.motorsport-kaefer.de\/wp-content\/uploads\/2004-HBR1.jpg 1024w\" sizes=\"(max-width: 300px) 100vw, 300px\" \/><\/a>Seitdem sind wir regelm\u00e4\u00dfig auf dem Heidbergring gefahren. Der K\u00e4fer wurde jedes Jahr weiterentwickelt. Leider sind dort aber die Lautst\u00e4rkebegrenzung jedes Jahr strenger geworden bzw. strenger kontrolliert worden, so dass ich 2010 trotz massiver Investitionen (neue Auspuffanlage, Zentralluftfilter etc.) die 93 dB auf der Geraden nur mit Halbgas einhalten konnte.<\/p>\n<p><a href=\"http:\/\/www.motorsport-kaefer.de\/wp-content\/uploads\/20070526_IMG_31531.jpg\"><img loading=\"lazy\" class=\"alignleft size-medium wp-image-557\" title=\"20070526_IMG_3153\" src=\"http:\/\/www.motorsport-kaefer.de\/wp-content\/uploads\/20070526_IMG_31531-300x200.jpg\" alt=\"\" width=\"300\" height=\"200\" srcset=\"https:\/\/www.motorsport-kaefer.de\/wp-content\/uploads\/20070526_IMG_31531-300x200.jpg 300w, https:\/\/www.motorsport-kaefer.de\/wp-content\/uploads\/20070526_IMG_31531.jpg 1024w\" sizes=\"(max-width: 300px) 100vw, 300px\" \/><\/a>Zwischenzeitlich bin ich auch Slalom in Bitburg mit dem Pistenclubs gefahren. Die Ergebnisse konnten sich sehen lassen. 2007 konnte mein K\u00e4fer gegen viele Porsche, Opel Speedster, BMW M3 etc.\u00a0 die Tagesbestzeit f\u00fcr sich verbuchen. <a href=\"..\/?page_id=527\">(-&gt;Bilder<\/a>). Leider durfte dort ab 2008 nur mit teilbew\u00e4sserter Strecke wegen der lauten quietschenden Reifen gefahren werden\u2026 Schon wieder das L\u00e4rmthema, welches mich ausbremste!<\/p>\n<p>Entsprechen frustriert beschloss ich, einen weiteren Versuch f\u00fcr eine Bet\u00e4tigungsfeld meines K\u00e4fers zu suchen.<\/p>\n<p><a href=\"https:\/\/www.motorsport-kaefer.de\/?page_id=34\">&#8230;weiterlesen.. <\/a><\/p>\n","protected":false},"excerpt":{"rendered":"<p>Begonnen hat alles 1984 mit meinem F\u00fchrerschein-K\u00e4fer (1303 S), den ich von meinen Eltern geschenkt bekam. &#8211; Optisch super, allerdings stellte sich im Winter 84\/85 heraus, dass es sich um einen Blender handelte: Heizungsholme quasi nicht mehr vorhanden, Rahmenkopf durchgerostet. Kurzerhand kaufte ich nach der Abi-Pr\u00fcfung im Febr.\u00a0 1985 einen Rahmenspender f\u00fcr DM 300,-, der &hellip; <\/p>\n<p class=\"link-more\"><a href=\"https:\/\/www.motorsport-kaefer.de\/?page_id=31\" class=\"more-link\"><span class=\"screen-reader-text\">\u201eHistorie K\u00e4fer\u201c<\/span> weiterlesen<\/a><\/p>\n","protected":false},"author":2,"featured_media":0,"parent":13,"menu_order":3,"comment_status":"closed","ping_status":"closed","template":"","meta":[],"_links":{"self":[{"href":"https:\/\/www.motorsport-kaefer.de\/index.php?rest_route=\/wp\/v2\/pages\/31"}],"collection":[{"href":"https:\/\/www.motorsport-kaefer.de\/index.php?rest_route=\/wp\/v2\/pages"}],"about":[{"href":"https:\/\/www.motorsport-kaefer.de\/index.php?rest_route=\/wp\/v2\/types\/page"}],"author":[{"embeddable":true,"href":"https:\/\/www.motorsport-kaefer.de\/index.php?rest_route=\/wp\/v2\/users\/2"}],"replies":[{"embeddable":true,"href":"https:\/\/www.motorsport-kaefer.de\/index.php?rest_route=%2Fwp%2Fv2%2Fcomments&post=31"}],"version-history":[{"count":48,"href":"https:\/\/www.motorsport-kaefer.de\/index.php?rest_route=\/wp\/v2\/pages\/31\/revisions"}],"predecessor-version":[{"id":1651,"href":"https:\/\/www.motorsport-kaefer.de\/index.php?rest_route=\/wp\/v2\/pages\/31\/revisions\/1651"}],"up":[{"embeddable":true,"href":"https:\/\/www.motorsport-kaefer.de\/index.php?rest_route=\/wp\/v2\/pages\/13"}],"wp:attachment":[{"href":"https:\/\/www.motorsport-kaefer.de\/index.php?rest_route=%2Fwp%2Fv2%2Fmedia&parent=31"}],"curies":[{"name":"wp","href":"https:\/\/api.w.org\/{rel}","templated":true}]}}

Historie Käfer

<p>Begonnen hat alles 1984 mit meinem Führerschein-Käfer (1303 S), den ich von meinen Eltern geschenkt bekam.</p>
<p style="text-align: left;"><img loading="lazy" class="alignleft size-medium wp-image-286" title="1983 erstes Auto" src="http://www.motorsport-kaefer.de/wp-content/uploads/1983-erstes-Auto-300x201.jpg" alt="" width="300" height="201" srcset="https://www.motorsport-kaefer.de/wp-content/uploads/1983-erstes-Auto-300x201.jpg 300w, https://www.motorsport-kaefer.de/wp-content/uploads/1983-erstes-Auto.jpg 726w" sizes="(max-width: 300px) 100vw, 300px" /><a href="http://www.motorsport-kaefer.de/wp-content/uploads/1983-erstes-Auto-2.jpg"><img loading="lazy" class="alignleft size-medium wp-image-287" title="1983 erstes Auto 2" src="http://www.motorsport-kaefer.de/wp-content/uploads/1983-erstes-Auto-2-300x195.jpg" alt="" width="300" height="195" srcset="https://www.motorsport-kaefer.de/wp-content/uploads/1983-erstes-Auto-2-300x195.jpg 300w, https://www.motorsport-kaefer.de/wp-content/uploads/1983-erstes-Auto-2.jpg 753w" sizes="(max-width: 300px) 100vw, 300px" /></a></p>
<p>&#8211;</p>
<p style="text-align: left;">Optisch super, allerdings stellte sich im Winter 84/85 heraus, dass es sich um einen Blender handelte: Heizungsholme quasi nicht mehr vorhanden, Rahmenkopf durchgerostet. Kurzerhand kaufte ich nach der Abi-Prüfung im Febr.  1985 einen Rahmenspender für DM 300,-, der sich nach der Zerlegung als die bessere Basis entpuppte.</p>
<p style="text-align: left;"><a href="http://www.motorsport-kaefer.de/wp-content/uploads/1985-Rohkarosse.jpg"><img loading="lazy" class="alignleft size-medium wp-image-285" title="1985 Rohkarosse" src="http://www.motorsport-kaefer.de/wp-content/uploads/1985-Rohkarosse-300x217.jpg" alt="" width="300" height="217" srcset="https://www.motorsport-kaefer.de/wp-content/uploads/1985-Rohkarosse-300x217.jpg 300w, https://www.motorsport-kaefer.de/wp-content/uploads/1985-Rohkarosse.jpg 692w" sizes="(max-width: 300px) 100vw, 300px" /></a>Zusammen mit meinen Freunden &#8211; allen voran René, der auch heute noch maßgeblichen Einfluss auf die Performance des Käfers hat und die tollen Videos und diese Homepage verursacht hat – bauten wir im Vorgarten meiner Oma meinen Käfer.</p>
<p style="text-align: left;">Pünktlich zur Einberufung des Grundwehrdienstes war er fertiggestellt. Angetrieben von einen frisierten 1,6 l-Motor mit ca. 70 PS (zwei Einfachvergasern und den üblichen Modifikationen) machten wir die Straßen unsicher – bis der Motor seinen Geist aufgab. Nach vielen Versuchen und noch mehr Misserfolgen beschloss ich 1986 einen 2,0 l-Motor auf Typ 4-Basis einzubauen.</p>
<p>Hierbei lernte ich Herrn Wilke von <a href="https://www.motorsport-kaefer.de/?page_id=272">Wilke Motorenbau</a> in Köln kennen. Im Winter 1986/87 beschlossen wir, die Käfertuning-Scene zu bereichern und legten ein komplettes Typ-4-Motorenprogramm für Käfer auf (welches weiterentwickelt heute noch erhältlich ist) und begannen mit meinem Käfer und ab 1988 mit einem optisch und technisch eng verwandten VW 1200 mit 2,4 l-Motor (186 PS) an Käfer-Veranstaltungen teilzunehmen (1303: Losheim 1987, Heidbergring 1987 &#8211; 1200: München Regattagelände 1988, Hockenhein Drag-Racing 1988 und zahlreiche Käfertreffen, Slaloms etc.) und holten bereits in den ersten Jahren einige Pokale.</p>
<p>-&gt; <a href="../?page_id=198">Bilder Motorsport 1987/88</a></p>
<p><a href="http://www.motorsport-kaefer.de/wp-content/uploads/1990-Pokale.jpg"><img loading="lazy" class="alignleft size-medium wp-image-289" title="1990 Pokale" src="http://www.motorsport-kaefer.de/wp-content/uploads/1990-Pokale-263x300.jpg" alt="" width="263" height="300" srcset="https://www.motorsport-kaefer.de/wp-content/uploads/1990-Pokale-263x300.jpg 263w, https://www.motorsport-kaefer.de/wp-content/uploads/1990-Pokale.jpg 592w" sizes="(max-width: 263px) 100vw, 263px" /></a></p>
<p>Insbesondere der Sieg des <a name="PRC"></a>Public-Race-Cups 1989 (Drag-Racing-Meisterschaft der straßennahen Fahrzeuge) war für uns ein Rieserfolg, da wir uns gegen amerikanische PS-Monster und sämtliche europäischen Sportwagen behauptet hatten. Es bildete sich zu dieser Zeit das <a href="https://www.motorsport-kaefer.de/?page_id=304">W-Team</a>, eine Gruppe Käferbegeisteter, die fortan bei allen Veranstaltungen in roten T-Shirts mit rotem VW-Bus (Typ 3 Doppelkabine) erschienen.</p>
<p>Uns war jedoch klar, dass wir mehr Power brauchten und entwickelten einen 2,7 l Typ 4-Motor mit 220 PS. Diese Leistung war 1990 spitze (und ist gemessen am geringen technischen Aufwand auch heute noch konkurrenzfähig). Im Public-Race-Cup 1990 haben wir dann auch einen neuen Rekord aufgestellt, der auf Straßenreifen lange Bestand hatte: Der Käfer beschleunigte in 12,03 s. auf die Viertelmeile auf 180 Km/h. <a href="http://www.motorsport-kaefer.de/wp-content/uploads/1990-Rekordzeit2.jpg"><img loading="lazy" class="alignleft size-medium wp-image-367" title="1990 Rekordzeit" src="http://www.motorsport-kaefer.de/wp-content/uploads/1990-Rekordzeit2-300x174.jpg" alt="" width="300" height="174" srcset="https://www.motorsport-kaefer.de/wp-content/uploads/1990-Rekordzeit2-300x174.jpg 300w, https://www.motorsport-kaefer.de/wp-content/uploads/1990-Rekordzeit2-1024x594.jpg 1024w, https://www.motorsport-kaefer.de/wp-content/uploads/1990-Rekordzeit2.jpg 1167w" sizes="(max-width: 300px) 100vw, 300px" /></a></p>
<p>Auch die Presse wurde aufmerksam &#8230;</p>
<p><a href="https://www.motorsport-kaefer.de/wp-content/uploads/Jäger_90.pdf">1990 Artikel &#8222;Jäger 90&#8220;</a></p>
<p><a href="https://www.motorsport-kaefer.de/wp-content/uploads/1990-Artikel-PR-Cup-Gewinner-1989.pdf">1990 Artikel PR-Cup-Gewinner 1989</a></p>
<p>Bedingt durch mein Studium und dem drohenden Berufsbeginn entschloss ich mich, mein zeitraubendes Hobby Ende 1990 stark einzuschränken und  den VW 1200 zu verkaufen – allerdings ohne Motor und Getriebe.</p>
<p>Ab 1992 hatte ich meinen VW 1303 dann nicht mehr als Alltagsauto eingesetzt und ihn nach und nach mit den ausgedienten Rennteilen aus dem VW 1200 aufgerüstet.</p>
<p><a href="https://www.motorsport-kaefer.de/wp-content/uploads/GD_Bericht11.pdf">1993 Gross Dölln 1992 </a></p>
<p><a href="https://www.motorsport-kaefer.de/wp-content/uploads/MC_Dragster-Steckbrief1.pdf">1993 Steckbrief</a></p>
<p>Es folgten die üblichen Berufs- und Familiengründungsjahre mit geringen Käfer-Aktivitäten.</p>
<p><a href="https://www.motorsport-kaefer.de/wp-content/uploads/1995-Speed-am-Ring-1.pdf">1995 Speed am Ring</a></p>
<p>1999 habe ich den Käfer dann optisch wieder auf Serie umgebaut, da ich in der Youngtimer-Scene teilnehmen wollte. Einfache Youngtimer-Treffen waren mir dann aber schnell zu langweilig und der Käfer stand wieder in der Garage und ich lag im Garten &#8230;.</p>
<p><a href="http://www.motorsport-kaefer.de/wp-content/uploads/086.jpg"><img loading="lazy" class="size-medium wp-image-173 alignleft" title="086" src="http://www.motorsport-kaefer.de/wp-content/uploads/086-300x225.jpg" alt="" width="300" height="225" srcset="https://www.motorsport-kaefer.de/wp-content/uploads/086-300x225.jpg 300w, https://www.motorsport-kaefer.de/wp-content/uploads/086.jpg 1024w" sizes="(max-width: 300px) 100vw, 300px" /></a>2004 kann der rettende Anruf eines Freundes: Ob ich nicht mal wieder auf dem wiederbelebten Käfertreffen auf dem Heidbergring (reiner Trackday, da Rennen nicht mehr erlaubt sind) teilnehmen wollte. Klar wollte ich! Zumal er mich mit einem seit Jahren offenden Vergleich herausforderte.  Nach einem kurzen Check war mein Käfer einsatzbereit. Schnell noch Uralt-Slicks aufgezogen und ab ging´s.</p>
<p>Das Ergebnis konnte besser nicht ausfallen: Tagesbestzeit: 41,2 s. Er nahm es sportlich, wir hatten nach über 10 Jahren endlich unserem subjektiven &#8222;Verbal-Stammtisch-Rennen&#8220; ein objektives Ergebnis entgegenzusetzten.</p>
<p><a href="http://www.motorsport-kaefer.de/wp-content/uploads/2004-HBR1.jpg"><img loading="lazy" class="alignleft size-medium wp-image-584" title="2004 HBR" src="http://www.motorsport-kaefer.de/wp-content/uploads/2004-HBR1-300x225.jpg" alt="" width="300" height="225" srcset="https://www.motorsport-kaefer.de/wp-content/uploads/2004-HBR1-300x225.jpg 300w, https://www.motorsport-kaefer.de/wp-content/uploads/2004-HBR1.jpg 1024w" sizes="(max-width: 300px) 100vw, 300px" /></a>Seitdem sind wir regelmäßig auf dem Heidbergring gefahren. Der Käfer wurde jedes Jahr weiterentwickelt. Leider sind dort aber die Lautstärkebegrenzung jedes Jahr strenger geworden bzw. strenger kontrolliert worden, so dass ich 2010 trotz massiver Investitionen (neue Auspuffanlage, Zentralluftfilter etc.) die 93 dB auf der Geraden nur mit Halbgas einhalten konnte.</p>
<p><a href="http://www.motorsport-kaefer.de/wp-content/uploads/20070526_IMG_31531.jpg"><img loading="lazy" class="alignleft size-medium wp-image-557" title="20070526_IMG_3153" src="http://www.motorsport-kaefer.de/wp-content/uploads/20070526_IMG_31531-300x200.jpg" alt="" width="300" height="200" srcset="https://www.motorsport-kaefer.de/wp-content/uploads/20070526_IMG_31531-300x200.jpg 300w, https://www.motorsport-kaefer.de/wp-content/uploads/20070526_IMG_31531.jpg 1024w" sizes="(max-width: 300px) 100vw, 300px" /></a>Zwischenzeitlich bin ich auch Slalom in Bitburg mit dem Pistenclubs gefahren. Die Ergebnisse konnten sich sehen lassen. 2007 konnte mein Käfer gegen viele Porsche, Opel Speedster, BMW M3 etc.  die Tagesbestzeit für sich verbuchen. <a href="../?page_id=527">(-&gt;Bilder</a>). Leider durfte dort ab 2008 nur mit teilbewässerter Strecke wegen der lauten quietschenden Reifen gefahren werden… Schon wieder das Lärmthema, welches mich ausbremste!</p>
<p>Entsprechen frustriert beschloss ich, einen weiteren Versuch für eine Betätigungsfeld meines Käfers zu suchen.</p>
<p><a href="https://www.motorsport-kaefer.de/?page_id=34">&#8230;weiterlesen.. </a></p>

<p>Begonnen hat alles 1984 mit meinem Führerschein-Käfer (1303 S), den ich von meinen Eltern geschenkt bekam. &#8211; Optisch super, allerdings stellte sich im Winter 84/85 heraus, dass es sich um einen Blender handelte: Heizungsholme quasi nicht mehr vorhanden, Rahmenkopf durchgerostet. Kurzerhand kaufte ich nach der Abi-Prüfung im Febr.  1985 einen Rahmenspender für DM 300,-, der &hellip; </p>
<p class="link-more"><a href="https://www.motorsport-kaefer.de/?page_id=31" class="more-link"><span class="screen-reader-text">„Historie Käfer“</span> weiterlesen</a></p>
